**2 + 6*l - 2 - p + 4. Let o = 6 + -11. Give d(o).
-8
Suppose -h - 2*h = 6. Let l(s) = -s**2 - s - 5. Let u(t) = 0 + t**2 + t - 3 + 3 + 3. Let v(y) = 4*l(y) + 7*u(y). Give v(h).
7
Let n(r) = 2*r - 1. Let v(g) = 2*g**2 + 12. Let d be v(0). Let y = d + -6. Determine n(y).
11
Let f(v) be the third derivative of 13*v**2 - 13/6*v**3 + 0*v + 0 - 1/24*v**4. Determine f(-7).
-6
Let f(k) = -2*k**2 - 31*k + 0*k + 6 + 3*k**2 + 19*k. What is f(13)?
19
Let g = -107 - -116. Let b(i) = -2*i + i + 5 - 8 + g. Calculate b(0).
6
Let x(f) = f**2 + 6*f + 4. Let a be (-4)/(-4)*0/(-1). Suppose -2*u - 14 = t, -7 = u + t - a. Determine x(u).
11
Let q(f) = 2*f**2 + 23*f - 5. Let b(y) = -y**2 - 12*y + 3. Let d(u) = -11*b(u) - 6*q(u). Suppose 5*o = -3*p - 30, -5*o - 40 = 6*p - p. Calculate d(o).
6
Suppose 3*s + 17 = -0*j + 4*j, -2*s - 2*j = 2. Let m(a) = -a**2 + 3*a. Determine m(s).
-18
Let d(l) = -l + 5. Let b(v) = v**2 + 3*v + 1. Let j be b(-4). Suppose -y + 6 = 3*m, m - j*y - 12 = -2*y. What is d(m)?
2
Let w(c) = -5*c**2 + 9*c - 4. Suppose -11*z + 30 = -6*z. Let r(f) = -f**2 + f - 1. Let d(m) = z*r(m) - w(m). Let q = 4 - 7. What is d(q)?
-2
Suppose 0*d + 3*o - 20 = -4*d, d = 3*o + 5. Let h(f) be the third derivative of -1/15*f**d + 0*f + 0 + 1/24*f**4 + 1/120*f**6 + 1/3*f**3 - 4*f**2. What is h(4)?
6
Let o(t) = t**3 - 3*t**2. Suppose 0 = m - 6*d + d + 5, 5*m + 4*d = 33. Suppose -12*w = -7*w - 50. Suppose m*h - w = -0. Determine o(h).
-4
Suppose 5*o - 53 = 97. Let t = -25 + o. Let h(v) = 7*v**3 - 15*v**2 - 5*v + 15. Let z(l) = 4*l**3 - 8*l**2 - 3*l + 8. Let b(g) = 3*h(g) - 5*z(g). What is b(t)?
5
Let m = -18 + 20. Let b(s) = 2 - 7*s**m + 16*s**2 - 3*s**2 - 5*s**2 - 3*s. Calculate b(5).
12
Suppose 3*t = 5*b - 30, -5*t = -b + 11 - 5. Let r(l) = 2*l**2 - 10*l + 4. Determine r(b).
16
Let z(v) be the first derivative of -v**3/3 - 5*v + 547. Determine z(2).
-9
Let l(r) = r**2 + 6*r + 15. Let b be l(-4). Let u(x) = -1 - 2 + b*x + 4 + x**2 + 0. Calculate u(-6).
-5
Suppose -34*i = -35*i - 2. Let u(y) be the first derivative of y + 1/2*y**2 - 1/3*y**3 - 4. Calculate u(i).
-5
Let v be 1/(1 - 30/35). Let a(q) be the second derivative of q**5/20 - q**4/2 - q**3 - 5*q**2 - 11*q. Give a(v).
-3
Let u(o) = 2*o - 4. Let g(f) = 2*f + 17. Let l be g(-7). Suppose -3*q = -2*v - v + 9, 0 = -v + l*q + 1. Suppose w - v - 1 = 0. Determine u(w).
6
Let l(r) = 4 + 3*r + 2*r - 3*r. Let p be (10/8)/5 + (-294)/56. What is l(p)?
-6
Let t(d) be the first derivative of -d**4 + d**3/3 - 3*d**2/2 + 2*d - 62. What is t(2)?
-32
Let c = -12 + 8. Let t(x) = 6*x**3 - 15*x**2 + 20*x + 5. Let h(o) = o**3 - 3*o**2 + 4*o + 1. Let b = -126 - -128. Let w(n) = b*t(n) - 11*h(n). Give w(c).
-1
Let s(i) = i**3 + i**2 - 4. Let j = 39 - 34. Suppose 0 = 3*d, 0 = z - 4*z + j*d. Determine s(z).
-4
Let d(t) = -t - 3. Let c = -122 + 72. Let z = 41 + c. Determine d(z).
6
Let j(u) = -6*u - 98 + 0*u**2 - 4*u**2 + 0*u**2 + 96. Determine j(-2).
-6
Let f = 10 + -6. Let z(b) = -3*b**3 - 6*b**2 + 12*b**3 - 3 - 12*b**3 + 4*b**3 + 6*b. Calculate z(f).
-11
Let y(a) be the second derivative of a**4/12 + 5*a**3/6 - 4*a**2 + 593*a. Determine y(-6).
-2
Let m(q) be the third derivative of -q**6/120 + q**5/30 + q**4/6 - q**3/2 + q**2 - 285. Suppose -5*l + 2*z + 7 = 0, 3*l = 8*l + 3*z - 27. What is m(l)?
0
Let q(u) be the first derivative of u**3 + 2*u**2 + 7*u + 268. What is q(-3)?
22
Suppose 4*n - 27 = 1. Let x = 9 - n. Suppose 0 = 2*p + 3*p - x*g + 29, 5*p - g + 27 = 0. Let t(r) = r**3 + 6*r**2 + 7*r + 6. Give t(p).
-4
Let k(w) be the third derivative of w**4/24 + 7*w**3/6 - 42*w**2. Let g(z) = z**2 - 8. Let f be g(0). What is k(f)?
-1
Let g(j) = 15 - 11 - 6*j - 5*j + 6*j. Let w(m) = 6*m - 4. Let c(q) = -5*g(q) - 4*w(q). Let k(f) = f**3 + 10*f**2 + 7*f - 12. Let r be k(-9). Determine c(r).
2
Let k(q) = -9*q + q**3 + 0 + 7*q**2 - 6 - 1. Let y be k(-8). Let n(p) = 2*p**2 - 1. Calculate n(y).
1
Let z(l) = 0*l + 0*l + 2 - 2*l. Suppose 0 = 4*i - 2*i + 5*v - 12, 2*v = 2*i - 12. Suppose i = -2*y - 3*x - 7, 2*y = -4*x - 16. Determine z(y).
6
Suppose -2*u + 3*q = u - 12, 0 = -4*u - 5*q + 34. Suppose 0 = -4*x - u + 62. Let i = 17 - x. Let z(c) = c**2 - 3*c + 3. Calculate z(i).
3
Let x(b) = -b**2 + 6*b. Let r = 59 + -53. Calculate x(r).
0
Let m(r) be the first derivative of 2*r**2 + 0 - r**2 - 5 - r + 0. Suppose 2*x - 6 = 5*n - 32, 0 = 2*x + 5*n - 14. Determine m(x).
-7
Let m(n) = 2*n + 1. Let d = 8 - 4. Let g(t) = 1 + 2 + d*t - 1 + 1. Let s(u) = -2*g(u) + 5*m(u). Calculate s(-3).
-7
Let v be (((-30)/(-9))/1)/(14/(-21)). Let d be (v + 4 - (-9)/3)*-2. Let u(j) = -j**3 - 4*j**2 + j + 5. What is u(d)?
1
Let s(m) = -m**2 + 15*m + 19. Let u be s(16). Let v(i) = -4 - 3*i**2 + 3 + 2*i + i**2. Determine v(u).
-13
Suppose 5*u = -11 - 29. Let z(i) = i**3 + 8*i**2 - i - 7. What is z(u)?
1
Let f(b) be the first derivative of -3*b**2 + 7*b + 312. Determine f(5).
-23
Suppose 8 = a + 4. Let r(z) = z**2 + z + 2. Let i be r(-1). Let y(f) = 66 + 67 - 5*f + i*f**2 - 136. Determine y(a).
9
Let c(q) = q**2 - 2*q + 1. Let h be 0 - (-8 - (-21)/3). Determine c(h).
0
Let c be 4 - (5 - 0)*-1. Let v(l) = 8*l + c + 7*l - 16*l. Determine v(4).
5
Let w(c) = 2*c - 4. Let y be w(-1). Let r(h) = h**2 + 7*h - 6. Determine r(y).
-12
Let p(g) = -g**3 - 5*g - 129 + 31 + 31 - 5*g**2 + 43. Give p(-5).
1
Let y(q) = -q**2 - 5*q + 6. Let i(n) = 3*n**2 + 5*n + 2. Let w be i(-4). Let o = w + -35. Determine y(o).
6
Let c = -1169 + 1164. Let a(g) = 7*g - 4. Calculate a(c).
-39
Let s be 4/(-1 + 5) + 4. Suppose s*w + 27 = -33. Let d = w + 11. Let j(o) = 7*o. Give j(d).
-7
Let z(j) = -j - 1. Let p(d) = 47*d + 187. Let k be p(-4). What is z(k)?
0
Let c(b) = 1572*b - 1588*b + 7*b**3 + 14*b**2 - 6*b**3 - 2*b**3 + 26. Determine c(13).
-13
Let c(l) be the second derivative of l**5/20 + 5*l**4/6 + 5*l**3/2 - 7*l**2/2 + 19*l + 2. Determine c(-8).
1
Let b(c) be the second derivative of c**4/6 - c**3/3 + c**2 + 22*c. Give b(4).
26
Let w(p) = p - 4. Suppose 75 = -2*s - 5*o, -2*s - 5*o = s + 115. Let h = s + 43. What is w(h)?
-1
Let c(y) = y**2 + 3*y - 4. Suppose -12 = 4*q + g, -3*q - q + 5*g - 12 = 0. Let x be (-4)/(-10) - 26/(-10). Let s be q - (-4 - -1) - x. Give c(s).
-4
Let h(q) = 3 - q - 4*q + 2*q + 2*q. Let x(k) = -4*k + 10. Let j(b) = -7*h(b) + 2*x(b). Calculate j(1).
-2
Let g(i) = -i**2 + 13*i - 17. Let r be g(11). Let u = -7 - -11. Let a(b) = 2*b**2 + 5*b - 5*b**3 + u*b**3 + 1 + 2*b**2. What is a(r)?
1
Let y(c) be the third derivative of -c**6/40 - c**5/30 + 16*c**2. Calculate y(2).
-32
Let a(x) = -x**2 - x + 3. Let w(c) = -2*c - 5. Let r be w(-4). Let f be 9/27 + 1*(-1)/r. Calculate a(f).
3
Suppose 0 = 2*i - 4*x + 8, -2*x + 14 = 5*i - 2. Let p(m) be the third derivative of m**6/120 - m**4/12 + 10*m**2. Give p(i).
4
Let f(u) = -2*u. Let q(x) = -x**3 - 20*x**2 + 23*x + 45. Let w be q(-21). Suppose -5*z + 3*v + 1 = 8, -w = 3*v. Determine f(z).
4
Suppose 0*q - o - 3 = 5*q, -2*q + 3*o + 9 = 0. Suppose 2*b + 0 - 10 = q. Let s = -1 + b. Let x(u) = -u**3 + 6*u**2 - 4*u - 5. What is x(s)?
11
Let f(z) be the third derivative of z**5/12 - 5*z**4/24 + z**3/2 + 333*z**2. Calculate f(1).
3
Let u(c) = -c**2 - 3*c + 2. Suppose 3*k - 16 = 2*o - 58, -2*o = -5*k - 42. Suppose 4*i - 5*m = -o, -4*i + 2*i + m - 9 = 0. Calculate u(i).
-2
Let n(a) = a**3 - a**2 - 2*a. Let i be -22*(-1)/(-10) + 2/10. What is n(i)?
-8
Let z(b) = b**2 - 3*b - 1. Let y be 14/7*18/(-4). Let h = -6 - y. Suppose 2*n = t - h, -4*n - 12 + 0 = 4*t. Determine z(n).
9
Let n be (15/12 - 1)/(13/104). Let x(q) = -7*q**2 + q**3 - 2*q**n - q - 7 + 6. What is x(9)?
-10
Let v(f) = -35 + 4 - 3*f + 8 + 6*f. Calculate v(0).
-23
Let q(r) = r**3 - 1 - 2*r**2 + 3 + 7*r**2 + 1. Let k(v) = 4*v - 5. Let w be k(0). Determine q(w).
3
Let t be 3/(4/(-16)*-4). Let b(j) = -17*j**2 + 5*j + 20*j**2 - j**3 - t - 5*j. Calculate b(3).
-3
Let f(u) = u**3 - 6*u**2 - u. Let d be f(6). Let t(a) = -2 + 2 + 4*a - 12. Let r(w) = 5*w - 13. Let l(q) = -5*r(q) + 6*t(q). Determine l(d).
-1
Suppose -20 = -0*o + 5*o. Let t(i) = 5*i - 10. Let a(u) be the third derivative of -u**4/6 + 3*u**3/2 - u**2. Let d(b) = -7*a(b) - 6*t(b). Calculate d(o).
5
Let l(n) = -n**2 - n + 3. Suppose -21 = -2*q + 9. Suppose -5*v - q = 2*w, w + 0 = v + 3. Give l(w).
3
Let z be 52/(-8)*(-4)/1. Suppose -z - 10